 Suppose -819 = -56*w + c*w. List the prime factors of w.
7, 13
List the prime factors of (-2)/(-4) + 7459825/358.
2, 3, 23, 151
Suppose 2*f - 6222 - 39148 = -6*a, 5*a - 2*f - 37812 = 0. List the prime factors of a.
2, 19, 199
Let i = -19 - -35. Suppose -2*q + 4*q - i = 0. Suppose 8*v - q = 6*v. List the prime factors of v.
2
Let t be 1/2*(-1 + -25). Let v = 26 + t. Suppose 284 = v*q - 223. What are the prime factors of q?
3, 13
Suppose -5*a = -5*u + 40, 3*a + 20 = -u + 5*u. Let n be (6/5)/(a/(-520)). Suppose -5*c = 2*o - n + 1, -2*o = -5*c - 21. What are the prime factors of o?
2, 3
Let v be (9/(-6))/((-4)/8). Suppose -2*a - 875 = -v*m - 52, 3*m + 3*a - 828 = 0. What are the prime factors of m?
5, 11
Suppose 25*j - x + 155 = 23*j, 0 = -4*j + 4*x - 308. Let d = -23 - -10. Let y = d - j. What are the prime factors of y?
5, 13
Let h(j) be the first derivative of -j**3/3 - 2*j**2 + 19*j + 27. Let l be h(0). Let n = -3 + l. What are the prime factors of n?
2
Suppose -3*n + 60*v - 62*v + 76888 = 0, 0 = 5*v + 35. What are the prime factors of n?
2, 7, 1831
Let d be 6/(-27) - (-22)/18. Let q be 4 - ((-637)/35 + d/5). Suppose 256 = -18*u + q*u. List the prime factors of u.
2
Let l(f) = 5*f. Let m be l(-3). Let z(s) = -s - 7. Let n be z(m). Suppose 5*c + 5*y = 120, n*c + y = 3*c + 116. List the prime factors of c.
23
Let o be -1 + ((-4 - -3) + 31 - 4). Suppose 4*g = -2*q + 864, -g - o = 4*g. List the prime factors of q.
2, 13, 17
Let k(b) be the second derivative of b**4/12 - b**3/6 - 37*b**2/2 - 54*b. List the prime factors of k(-22).
7, 67
Let j(c) = 2813*c**2 + 44*c + 96. What are the prime factors of j(-5)?
70201
List the prime factors of (-236)/1003 + (-320250)/(-17).
2, 9419
Let g(m) = -9*m - 79. Let i be g(-9). List the prime factors of i/(-8) + 645/4 + -2.
3, 53
Suppose 2*k = -2*f + 4114, 804 = 3*k + 5*f - 5363. Suppose -11*d + k + 1472 = 0. What are the prime factors of d?
3, 107
Let u(m) = m**3 + m**2 - 70*m + 234. List the prime factors of u(25).
2, 53, 139
Suppose -3 = 4*r + 13. What are the prime factors of -1*(r - -3)*2?
2
Let x = -32744 - -65105. List the prime factors of x.
3, 7, 23, 67
Let h(q) = q**3 + 7*q**2 - 14*q + 208. What are the prime factors of h(21)?
2, 6131
Let k be 1/4 - (-525)/28. Let y = 302 - k. List the prime factors of y.
283
Let n(i) = -216*i**3 - 8*i**2 - 41*i - 171. List the prime factors of n(-6).
3, 113, 137
List the prime factors of 68 + -64 + 2*-4 + 97436.
2, 19, 641
Suppose -5*v + 2*v = -21. Let k(x) = x**3 + x**2 - 13*x - 1. Let z be k(v). Suppose 6*w - w = z. List the prime factors of w.
2, 3, 5
Suppose 10*z - 7*z - 5*x - 19254 = 0, x + 25655 = 4*z. List the prime factors of z.
11, 53
Suppose 1 = 8*w - 39. Suppose -2*x - 153 = -4*m + 257, -w*m + 2*x + 514 = 0. Let r = m - 11. List the prime factors of r.
3, 31
Suppose 2*h = -8, -24 = -2*a - 4*h - 0*h. Suppose -10*x + 30 = -a. Suppose -u + x*u = 620. List the prime factors of u.
5, 31
List the prime factors of 7432 - (2 - 0)*85/34.
7, 1061
Let a = 929 - -3188. What are the prime factors of a?
23, 179
Suppose 3*q - 118 = 4*i, -i = -5*q + 161 + 47. Let w = q + -39. Suppose 2*a = -3*o + 170, -w*a + o = -5*a + 162. List the prime factors of a.
79
Let j = -778 + 1248. Let h = j + 369. List the prime factors of h.
839
Suppose -3*u = -2*x - 38117 + 10197, -4*u + 37225 = -3*x. What are the prime factors of u?
2, 5, 7, 19
Suppose 71876 = 145*g - 131*g. List the prime factors of g.
2, 17, 151
Let f = -58 - -60. Let g be (f - (-1 - -5)) + 3. What are the prime factors of ((-17)/(-68))/(g/76)?
19
Suppose -30*b = -9*b + 147. Let d(o) = -124*o + 32. List the prime factors of d(b).
2, 3, 5
Let i be 537/(-6) - ((-14)/4 + 3). Let p = 414 + i. Suppose 0*m - 4*m + 3*j + p = 0, -2*m + 3*j + 161 = 0. List the prime factors of m.
2, 41
List the prime factors of ((-54)/(-30))/(138/4791590).
3, 83, 251
Suppose 20 - 16 = -4*t. Let u be (-2 - -3) + (t - -19). Let n(w) = w**3 - 19*w**2 + 8*w + 2. What are the prime factors of n(u)?
2, 7, 11
Let t(y) = 5*y**2 + 4*y**2 + 6 + 6*y**2 + 3*y**2. Suppose 3*f = 826 - 817. What are the prime factors of t(f)?
2, 3, 7
Let i be (57/1)/(8/(-96)*6). What are the prime factors of ((-76)/i)/((-2)/(-411))?
137
Suppose 2*w = z + z - 24, -33 = -2*z + 5*w. Suppose -k + r + 91 = 0, 0 = r - z + 5. List the prime factors of k.
5, 19
Let k be 1/2 + (-1)/(4/(-874)). Suppose -9 + k = 5*g. Let b = g - -70. List the prime factors of b.
2, 7
Let i = 56 - 29. List the prime factors of (-3146)/(-6) + 18/i.
3, 5, 7
List the prime factors of (128/(-128))/(2/(-902)).
11, 41
Let l = 179202 - 99684. What are the prime factors of l?
2, 3, 29, 457
Suppose 119912 + 124428 = 4*q + 16*q. What are the prime factors of q?
19, 643
Let a(v) = -30*v + 83. Let w(f) = 44*f - 125. Let p(j) = -8*a(j) - 5*w(j). What are the prime factors of p(4)?
41
Let t(r) be the third derivative of r**6/120 - r**5/12 - r**4/24 + 4*r**3/3 - 12*r**2. Let o be t(4). List the prime factors of 4 + (-57)/12 - 1833/o.
2, 19
Suppose 296*a - 295*a = 5*x - 40963, 3*a - 6 = 0. What are the prime factors of x?
3, 2731
Suppose 17*s - 423187 = -11*s + 1682889. What are the prime factors of s?
75217
Let u(q) = -33*q + 85. Let r(w) = -11*w + 28. Let z(p) = 7*r(p) - 2*u(p). Suppose -861*b = -868*b - 84. List the prime factors of z(b).
2, 79
Let t(z) = -3*z**3 - 2*z**2 + z + 2. Let y be t(-1). Let d = 75 - 71. List the prime factors of y + -4 - (-616)/d.
2, 19
Suppose -4*t + 286*d - 281*d = -43001, 4*d = -3*t + 32274. What are the prime factors of t?
2, 19, 283
Let q(r) = 34 - 5*r - 29*r**2 - 21 + 2*r**3 - 18*r**2 - 20. What are the prime factors of q(24)?
449
Suppose -12689 = -12*s + 147067. List the prime factors of s.
13313
Suppose -10*m - 1905717 = -24*m - 65*m. What are the prime factors of m?
3, 11, 17, 43
Suppose 89*q - 149469 = 604926 + 1034416. What are the prime factors of q?
101, 199
Let l(f) be the second derivative of f**4/6 + 5*f**3/6 - 10*f**2 + f. Let i be 275/(-2860)*13*-4*(0 + 1). List the prime factors of l(i).
5, 11
Let h = -12726 + 23479. List the prime factors of h.
10753
Let a = -14414 - -53240. What are the prime factors of a?
2, 3, 719
Suppose -72752 + 7328 = -8*i. What are the prime factors of i?
2, 3, 29, 47
Let y = -514 + 743. Let s = y - -746. What are the prime factors of s?
3, 5, 13
Suppose 111*z - 24854 = 128*z. Let s = -836 - z. List the prime factors of s.
2, 313
Let r(k) = -6*k + 190. Let j(i) = -7*i + 190. Let g(v) = -5*j(v) + 6*r(v). Let q be g(0). Let l = q - 100. List the prime factors of l.
2, 3, 5
Let w = -6879 + 21740. List the prime factors of w.
7, 11, 193
Let v = -148 + 173. Let a(b) = 27 + b - 18 + v + 21*b - b**2. List the prime factors of a(20).
2, 37
Let n = -85 + 75. Let s be (3 - 1)*-5*(-15)/n. What are the prime factors of s + 16 - 94*-2?
3, 7
List the prime factors of (1 - 0 - -2) + 24 + (-377701)/(-19).
2, 37, 269
Let k = 7461 - 6539. List the prime factors of k.
2, 461
Let f = 8393 - -17606. What are the prime factors of f?
25999
Let d be 11/2 + 4/(-8). Suppose -l - 1276 = -d*l. Suppose 8*a = l + 105. List the prime factors of a.
53
Let b(s) = 4*s**2 + 18*s + 144. List the prime factors of b(-39).
2, 3, 307
Let x = 30 + -27. Suppose 508 = x*d - 5*v, 4*d + v + 280 = 965. List the prime factors of d.
3, 19
Suppose 0 = -7*w + 397 + 3404. Let o = 1016 - w. List the prime factors of o.
11, 43
Suppose -4*h + 6*h - 11594 = 5*w, 5*h + 5*w - 29090 = 0. List the prime factors of h.
2, 1453
Let i = 270 + -270. Suppose -8*t + 6*t - n + 1745 = i, -5*n - 856 = -t. List the prime factors of t.
13, 67
Let s = -61 + 65. Suppose -v - 153 = -s*v. What are the prime factors of (-17)/(v/(-360)) - 4?
2, 29
Suppose -4*g + 533 = -3*v + 1351, -g = 3*v + 197. Suppose -f + 2*f = -99. Let b = f - g. What are the prime factors of b?
2, 13
Suppose -23*d - 184507 + 667783 = 0. What are the prime factors of d?
2, 3, 17, 103
Let y(v) = v**2 - 27*v - 41. Let g be y(29). Suppose -2212 = -g*o + 4843. What are the prime factors of o?
5, 83
Let s(m) = 2628*m + 95. What are the prime factors of s(3)?
79, 101
Let i(g) = -g**3 + 6. Let o be i(0). Suppose 2*s - f = f + 442, -3*f - o = 0. Let n = -98 + s. What are the prime factors of n?
11
Let k(f) = 5*f + 13. Let g(n) = -2*n - 4. Let l(h) = -8*g(h) 